 - -30. What are the prime factors of o?
61
Let n(t) = t**3 + 7*t**2 + 3*t - 8. Let x = 3 + -9. What are the prime factors of n(x)?
2, 5
Let v(d) = d - 6. Suppose -9 - 5 = -2*n. Let j be v(n). List the prime factors of j + 9 + -3 + 4.
11
Let v be -1 + -1 + 1 + -13. Suppose 0 = 3*n + 13 + 56. Let k = v - n. What are the prime factors of k?
3
Let s be -2 + 2 + (3 - -1). Suppose 5*a = 2*y - s*y + 62, 4*y = a - 8. What are the prime factors of a?
2, 3
Let b = -17 - -43. What are the prime factors of b?
2, 13
Let p = -7 - -12. What are the prime factors of p?
5
Let v(u) = -u**3 + 17*u**2 - 15*u - 12. Let m be v(16). Suppose 3*k + 4*f - 78 = 0, 0*f - m*f = k - 34. What are the prime factors of k?
2, 11
Let b(m) = -2*m + 1. Let w be b(-1). Suppose -5 = -w*u - 2*u. What are the prime factors of 1*((0 - u) + 14)?
13
Let n be 20 - (-3 - 3/(-1)). Suppose n = 3*h - 2*u - 2*u, -h + 2*u = -8. Suppose -h*w + 2 = -2*f - 0*f, -3*f + 4*w = -7. What are the prime factors of f?
3
Let s = 32 - 9. What are the prime factors of s?
23
Let o(q) = q**3 - 4*q**2 - q + 4. Let p be o(4). Suppose p = 4*a + 5*x - 0*x + 5, 4*a + 2*x = 10. Suppose 2*b + 15 = a*b. List the prime factors of b.
5
Suppose 2*z - 50 = 50. Let v = 82 - z. List the prime factors of v.
2
Suppose 6*y = 8*y - 10. What are the prime factors of y?
5
Suppose -2*w = 5*u - 18, 2*w + 11 = 5*u - 11. List the prime factors of 23 - 0 - (w - -3).
3, 7
Let a = 8 + -13. Let f(h) = h**3 + 4*h**2 - 4*h + 7. Let s be f(a). Suppose 4*q + 4*x - 4 = 0, -24 + 7 = -s*q + x. List the prime factors of q.
2, 3
Let o(z) = z**3 + 7*z**2 - 3*z - 3. Let i be o(-7). List the prime factors of 1 - 2 - i/(-2).
2
Suppose 14 = 5*u - 16. Let d(y) = -8*y + 5*y - 2 + 5*y. List the prime factors of d(u).
2, 5
Let l(r) = 4 - r + 5 + 3 - 4. Let q be l(8). What are the prime factors of q + (-2 - -3)*9?
3
Suppose -413 = -5*r - 3*p, -r + 3*r - 154 = -4*p. List the prime factors of r.
5, 17
Let q = -38 + 35. Suppose g - 17 = -4*c, 4*c - 9 = 2*c - g. List the prime factors of (-2)/c*-14 + q.
2
Let r(o) = -o**2 + 6*o + 4. Suppose 4*f = 4*d - 12, 0 = -0*d - 2*d + 4*f. List the prime factors of r(d).
2
Let z(v) be the first derivative of 1/4*v**4 + 4*v + 10/3*v**3 - 6*v**2 - 2. What are the prime factors of z(-11)?
3, 5
Let c = 181 + -111. What are the prime factors of c?
2, 5, 7
Let d = 112 - 73. List the prime factors of d.
3, 13
Suppose 20 = -4*l, 3*z - l + 55 = 192. What are the prime factors of z?
2, 11
Let a(q) = -q + 9. Let l be a(8). Let x = 3 - l. What are the prime factors of x?
2
Let i(s) = -s**3 - 8*s**2 - 7*s - 3. Let r be i(-7). What are the prime factors of (-4)/r*6/4?
2
Let f(c) = 13*c - 52. What are the prime factors of f(12)?
2, 13
Suppose -g + 2 = -3*l - 0, 0 = 4*g - 4*l - 8. Let x(v) = 2*v. List the prime factors of x(g).
2
Let n(p) = p**3 + 4*p**2 - 13*p - 3. List the prime factors of n(6).
3, 31
Suppose 3*l = -2*o - 0*l + 125, 3*o + 5*l = 185. Suppose j = -4*j + o. List the prime factors of j.
2, 7
What are the prime factors of ((-145)/(-15))/(4/24)?
2, 29
List the prime factors of 174/(33/24 + 3/24).
2, 29
Let d(q) = q**3 + 13*q**2 - 21*q - 10. Let c be d(-14). Let a = -47 + c. List the prime factors of a.
41
Suppose -104 - 124 = -2*x. What are the prime factors of x?
2, 3, 19
Suppose -v - 4 = v + 2*y, -3*v + 14 = -y. Suppose -o = v*a - 6*o - 11, 65 = 5*a + o. What are the prime factors of a?
2, 3
Suppose 25 = q + 4*q. Suppose 4*g + 19 = q*g. What are the prime factors of g?
19
Let d be (-8)/(-10)*(-3 + 8). Suppose 4*n - 44 = -2*q, -d*n - q + 65 = 19. What are the prime factors of n?
2, 3
Suppose 4*o - 16 = -0. Let s = o + -3. List the prime factors of (s - -2)/(-9)*-6.
2
Let u = 4 - 2. Suppose -n = u*z - 8, -4*n - 3*z = -6*z - 43. What are the prime factors of n?
2, 5
Suppose -4*o + 160 = 4*c, 4*o + c + 0*c = 166. List the prime factors of o.
2, 3, 7
Let h(t) be the third derivative of -t**6/120 - t**5/6 - 11*t**4/24 + t**3/2 - 17*t**2. Let m(w) = 3*w + 3. Let c be m(-4). What are the prime factors of h(c)?
3, 7
Let h(b) be the second derivative of b**5/20 + 5*b**4/12 - 5*b**3/6 + 4*b**2 + b. Let p be h(-6). Let k = p + 9. List the prime factors of k.
11
Let g be (-1 - -16)*(-11)/(-33). Let j(z) = 2*z**2 + 2*z - 1. Let r be j(-2). Suppose 25 = r*k - g*a, 4*k - 9 - 9 = -a. List the prime factors of k.
5
Let y(n) = -n**3 - 7*n**2 + 18*n + 31. List the prime factors of y(-11).
317
Suppose 0 = 2*s - p - 228, -5*p - 570 = -2*s - 3*s. List the prime factors of s.
2, 3, 19
Let i(q) = -10*q - 22. What are the prime factors of i(-8)?
2, 29
Suppose 2*d = -4*h - 2*d + 88, 0 = 2*h - 2*d - 40. Let p = h + -8. List the prime factors of p.
13
Let w be 1 + -1 + (8 - 5). Suppose -w*j + 21 = -84. What are the prime factors of j?
5, 7
Let o(r) = -14*r + 7. What are the prime factors of o(-4)?
3, 7
Let y(w) = w**3 - 6*w**2 + 6*w - 4. Let m be y(4). Let d = 2 - m. What are the prime factors of d?
2, 7
Let u = 31 - -254. What are the prime factors of u?
3, 5, 19
Let k(z) = -2*z**2 - 9*z - 1. Let l be k(-4). List the prime factors of 340/15 - (-4)/l.
2, 3
Suppose -7*q + 2*q + 10 = 5*h, -5*h + 1 = -4*q. Let u = h + 3. What are the prime factors of u?
2
Let g(n) = -n**3 + 3*n**2 - 5*n + 8. Let i(u) = -u**3 + 2*u**2 - 6*u + 8. Let d(j) = 6*g(j) - 5*i(j). List the prime factors of d(8).
2
Let w = 104 + 145. List the prime factors of w.
3, 83
Let w(x) = x**3 + 3*x**2 - 5*x + 3. Let q be w(-4). Suppose 0*t = -t + q. List the prime factors of 1 - (-2 - (t - 1)).
3
Let b(u) = -u**2 + 8*u - 1. Let q be b(8). Let i be q + (7 - -2) + -2. Suppose 0*x - i = -2*x. What are the prime factors of x?
3
Suppose 3*t - 92 = -14. What are the prime factors of t?
2, 13
Let o = 4 - 2. Suppose -4*y + 5*y - 44 = -4*k, o*k = 4*y + 4. What are the prime factors of k?
2, 5
Let c = 6 - -4. What are the prime factors of c?
2, 5
Let k(u) = u**2 - 19*u + 21. Let m be k(18). Suppose 0*s - 4*v = 3*s - 261, 0 = 3*v. Suppose -40 = -2*x + h, 5*x - m*h - s = -7*h. List the prime factors of x.
19
Suppose 0*r + 6 = 3*r. Let p = 6 - r. What are the prime factors of p?
2
Let n be 266/8 - 9/(-12). Suppose -10 = -4*q - n. What are the prime factors of 3*-1*22/q?
11
Let x(j) = 2*j**2 - 3*j - 3. Let d be x(3). Let y(g) = 2*g - 1. What are the prime factors of y(d)?
11
Let h(x) = -x**3 - x**2 + x + 1. Let u(y) = -4*y**3 + 5*y**2 - 2*y + 13. Let d(m) = 3*h(m) - u(m). Let k be d(7). List the prime factors of (-15)/2*k/20.
3
List the prime factors of 2/5 + 114/15.
2
Let t = -342 - -572. What are the prime factors of t?
2, 5, 23
Suppose 0 = x - t - 19, -4*x - 3*t + 6*t = -77. Suppose -13 = 3*g + 20. Let j = g + x. What are the prime factors of j?
3
Suppose 0 = -7*z + 312 + 367. List the prime factors of z.
97
Suppose -15 = 3*w - s + 6*s, 0 = -2*w + s + 3. Let t = 2 + w. What are the prime factors of t?
2
Suppose 0 = -p + 6*p - 110. Let y = p - -19. List the prime factors of y.
41
Let g(y) = y - 19. Let x be g(7). Let q = 27 + x. What are the prime factors of q?
3, 5
Let v = -13 + -7. Let s = -13 - v. List the prime factors of s.
7
Let w(f) = -2*f**3 + 2*f**2 + 5. Let u(x) = x**3 - x**2. Let j(g) = u(g) + w(g). Let d = -1 - -1. List the prime factors of j(d).
5
Let h(q) = 2*q - q + 0*q. Let n be h(6). Suppose 0 - n = -3*p. What are the prime factors of p?
2
Suppose -3*l = -7*l + 8. Suppose 75 = l*t - 19. List the prime factors of t.
47
Let z = -22 + 110. What are the prime factors of z?
2, 11
List the prime factors of 4 - -8*4/2.
2, 5
Suppose 4*j + 2*y - 12 = 0, 2*j - 4*j - 2 = -y. Let t(x) = 2*x**2 + x - 3. Let f be t(-3). Suppose r - j = f. What are the prime factors of r?
13
Let v(h) = h**3 - 4*h**2 + h + 2. Let j be v(4). Let i = 8 - j. List the prime factors of i.
2
Let y(c) = -c**3 + 4*c**2 - 3*c. Let w be y(2). Suppose 2*j - w = j. Suppose o = s + 10, -o - s - j*s - 10 = 0. What are the prime factors of o?
5
Suppose 0*h + 2*h - 4 = -o, 3*h + 3 = 0. Suppose -o*m + 19 = y - 3*m, -y + m = -35. What are the prime factors of y?
31
Let i be -1 + 1 - (-1 + 3). Let n be i/4 - 6/(-12). Suppose 2*j = -n*j + 14. List the prime factors of j.
7
Let y be -3 + 9 - 3 - -27. Suppose -5*b + 5*n + y = 0, -3*b - n + 5*n = -20. Suppose 26 = 2*u - 4*h, 3*u - 55 = -b*h + 4. List the prime factors of u.
17
Let g